{"id":705,"date":"2019-02-12T22:38:47","date_gmt":"2019-02-12T21:38:47","guid":{"rendered":"http:\/\/fefac.cat\/empresarial\/?page_id=705"},"modified":"2019-02-18T10:07:55","modified_gmt":"2019-02-18T09:07:55","slug":"ignasi-marcet-fernandez","status":"publish","type":"page","link":"https:\/\/fefac.cat\/empresarial\/fefac\/ignasi-marcet-fernandez\/","title":{"rendered":"Ignasi Marcet Fern\u00e1ndez"},"content":{"rendered":"<p>[et_pb_section fb_built=&#8221;1&#8243; _builder_version=&#8221;3.19.13&#8243; custom_padding=&#8221;15px|0px|16px|0px|false|false&#8221;][et_pb_row custom_padding=&#8221;0|0px|0|0px|false|false&#8221; _builder_version=&#8221;3.19.13&#8243;][et_pb_column type=&#8221;4_4&#8243; _builder_version=&#8221;3.19.13&#8243;][et_pb_dcsbcm_divi_breadcrumbs_module hide_homebreadcrumb=&#8221;off&#8221; homebreadcrumbtext=&#8221;Inici&#8221; separator=&#8221;sep-pipe&#8221; _builder_version=&#8221;3.19.13&#8243; fontsbreadcrumbs_font=&#8221;||||||||&#8221; custom_margin=&#8221;0px||0px&#8221;][\/et_pb_dcsbcm_divi_breadcrumbs_module][\/et_pb_column][\/et_pb_row][\/et_pb_section][et_pb_section fb_built=&#8221;1&#8243; _builder_version=&#8221;3.19.13&#8243; custom_padding=&#8221;54px|0px|142px|0px|false|false&#8221;][et_pb_row custom_padding=&#8221;0|0px|27px|0px|false|false&#8221; _builder_version=&#8221;3.19.13&#8243;][et_pb_column type=&#8221;1_3&#8243; _builder_version=&#8221;3.19.13&#8243;][et_pb_image src=&#8221;https:\/\/fefac.cat\/empresarial\/wp-content\/uploads\/2019\/02\/ignasi-marcet-grande.jpg&#8221; _builder_version=&#8221;3.19.13&#8243;][\/et_pb_image][\/et_pb_column][et_pb_column type=&#8221;2_3&#8243; _builder_version=&#8221;3.19.13&#8243;][et_pb_text _builder_version=&#8221;3.19.13&#8243; header_font=&#8221;|600|||||||&#8221; header_text_align=&#8221;left&#8221; header_line_height=&#8221;1.4em&#8221; header_2_font=&#8221;||||||||&#8221;][\/et_pb_text][et_pb_text _builder_version=&#8221;3.19.13&#8243; text_font=&#8221;||||||||&#8221; text_line_height=&#8221;1.4em&#8221; header_font=&#8221;|600|||||||&#8221; header_text_align=&#8221;left&#8221; header_2_font=&#8221;||on|on|||||&#8221; header_3_font=&#8221;||||||||&#8221; custom_margin=&#8221;0px||&#8221; custom_padding=&#8221;0px||&#8221;]<\/p>\n<h1><span style=\"font-size: large;\"><strong>Ignasi Marcet Fern\u00e1ndez |\u00a0<a href=\"mailto:imarcet@afb.cat\"><span style=\"color: #c61230;\">imarcet@afb.cat<\/span><\/a><br \/><\/strong><\/span><span style=\"font-size: medium;\"><strong>Tresorer FEFAC | Tresorer AFB<\/strong><\/span><\/h1>\n<p><span style=\"font-size: 14px;\"><br \/>Titular d&#8217;oficina de farm\u00e0cia des de 1996<br \/><\/span><\/p>\n<p id=\"u563305-4\" class=\"shared_content\" data-content-guid=\"u563305-4_content\">\n<p id=\"u563305-9\" class=\"shared_content\" data-content-guid=\"u563305-9_content\"><strong style=\"font-size: 14px;\"><span id=\"u563305-10\">Experi\u00e8ncia professional<\/span><\/strong><\/p>\n<p id=\"u563305-13\" class=\"shared_content\" data-content-guid=\"u563305-13_content\">Titular d&#8217;Oficina de Farm\u00e0cia.<\/p>\n<p>[\/et_pb_text][\/et_pb_column][\/et_pb_row][\/et_pb_section][et_pb_section fb_built=&#8221;1&#8243; admin_label=&#8221;Footer&#8221; _builder_version=&#8221;3.19.11&#8243; background_color=&#8221;#f7f8fc&#8221; custom_margin=&#8221;0px||0px&#8221; custom_padding=&#8221;0px|0px|0px|0px&#8221; animation_style=&#8221;zoom&#8221; animation_direction=&#8221;bottom&#8221; animation_intensity_zoom=&#8221;6%&#8221; animation_starting_opacity=&#8221;100%&#8221; global_module=&#8221;886&#8243; saved_tabs=&#8221;all&#8221; locked=&#8221;off&#8221;][\/et_pb_section][et_pb_section fb_built=&#8221;1&#8243; admin_label=&#8221;Footer&#8221; _builder_version=&#8221;3.19.13&#8243; custom_margin=&#8221;0px||1px&#8221; custom_padding=&#8221;19px|0px|67px|0px|false|false&#8221; animation_style=&#8221;zoom&#8221; animation_direction=&#8221;bottom&#8221; animation_intensity_zoom=&#8221;6%&#8221; animation_starting_opacity=&#8221;100%&#8221; global_module=&#8221;883&#8243; saved_tabs=&#8221;all&#8221; locked=&#8221;off&#8221;][et_pb_row custom_padding=&#8221;0px||&#8221; custom_margin=&#8221;0px||0px&#8221; padding_bottom_1=&#8221;0px&#8221; padding_left_1=&#8221;0px&#8221; _builder_version=&#8221;3.19.11&#8243; border_color_all=&#8221;rgba(0,0,0,0)&#8221; border_width_bottom=&#8221;1px&#8221;][et_pb_column type=&#8221;4_4&#8243; _builder_version=&#8221;3.19.11&#8243;][et_pb_blurb title=&#8221;FEFAC &#8211; Federaci\u00f3 d&#8217;Associacions de Farm\u00e0cies de Catalunya&#8221; image=&#8221;https:\/\/fefac.cat\/empresarial\/wp-content\/uploads\/2019\/02\/fefac-logopg.jpg&#8221; image_max_width=&#8221;76%&#8221; _builder_version=&#8221;3.19.11&#8243; header_level=&#8221;h5&#8243; header_font=&#8221;|700|||||||&#8221; header_text_align=&#8221;center&#8221; text_orientation=&#8221;center&#8221; custom_padding=&#8221;24px||&#8221;][\/et_pb_blurb][\/et_pb_column][\/et_pb_row][et_pb_row use_custom_width=&#8221;on&#8221; custom_width_px=&#8221;951px&#8221; custom_padding=&#8221;|25px|19px|25px|false|false&#8221; custom_margin=&#8221;-30px|||&#8221; make_equal=&#8221;on&#8221; _builder_version=&#8221;3.19.11&#8243; module_alignment=&#8221;center&#8221;][et_pb_column type=&#8221;1_3&#8243; _builder_version=&#8221;3.19.11&#8243;][et_pb_blurb title=&#8221;Ubicaci\u00f3&#8221; image=&#8221;https:\/\/fefac.cat\/empresarial\/wp-content\/uploads\/2019\/02\/if_location_pin_logo_social_media_1071018.png&#8221; icon_placement=&#8221;left&#8221; _builder_version=&#8221;3.19.11&#8243; border_width_all=&#8221;-2px&#8221; border_color_all=&#8221;#b7b7b7&#8243; border_width_right=&#8221;1px&#8221; border_color_right=&#8221;#939393&#8243;]<\/p>\n<p style=\"text-align: left;\">C\/ Casanova, 84-86 Entr. 1\u00aaC<br \/> 08011 Barcelona<\/p>\n<p>[\/et_pb_blurb][\/et_pb_column][et_pb_column type=&#8221;1_3&#8243; _builder_version=&#8221;3.19.11&#8243;][et_pb_blurb title=&#8221;Tel\u00e8fons&#8221; image=&#8221;https:\/\/fefac.cat\/empresarial\/wp-content\/uploads\/2019\/02\/if_phone_logo_social_media_1078686.png&#8221; icon_placement=&#8221;left&#8221; _builder_version=&#8221;3.19.11&#8243; body_font=&#8221;||||||||&#8221; body_text_align=&#8221;center&#8221; border_color_all=&#8221;rgba(0,0,0,0)&#8221; border_color_right=&#8221;#b7b7b7&#8243;]<\/p>\n<p style=\"text-align: left;\">Tel. 93 323 24 22<br \/> Fax. 93 454 61 77<\/p>\n<p>[\/et_pb_blurb][\/et_pb_column][et_pb_column type=&#8221;1_3&#8243; _builder_version=&#8221;3.19.11&#8243;][et_pb_blurb title=&#8221;Contacte&#8221; image=&#8221;https:\/\/fefac.cat\/empresarial\/wp-content\/uploads\/2019\/02\/if_email_mail_envelope_send_message_1011336-1.png&#8221; icon_placement=&#8221;left&#8221; _builder_version=&#8221;3.19.11&#8243; border_width_all=&#8221;-2px&#8221; border_width_right=&#8221;1px&#8221; border_color_right=&#8221;#939393&#8243;]<\/p>\n<p><a href=\"http:\/\/www.fefac.cat\" target=\"_blank\" rel=\"noopener noreferrer\">www.fefac.cat<\/a><br \/> <a href=\"mailto:fefac@fefac.cat\">fefac@fefac.cat<\/a><\/p>\n<p>[\/et_pb_blurb][\/et_pb_column][\/et_pb_row][\/et_pb_section][et_pb_section fb_built=&#8221;1&#8243; specialty=&#8221;on&#8221; _builder_version=&#8221;3.19.13&#8243; border_width_top=&#8221;-1px&#8221; border_color_top=&#8221;#d6d6d6&#8243; border_width_right=&#8221;-1px&#8221; box_shadow_style=&#8221;preset1&#8243; custom_padding=&#8221;40px|0px|44px|0px|false|false&#8221; top_divider_arrangement=&#8221;above_content&#8221; bottom_divider_height=&#8221;32px&#8221; global_module=&#8221;884&#8243;][et_pb_column type=&#8221;1_2&#8243; specialty_columns=&#8221;2&#8243; _builder_version=&#8221;3.0.47&#8243;][et_pb_row_inner custom_padding=&#8221;0|0|21px|0px|false|false&#8221; _builder_version=&#8221;3.19.13&#8243;][et_pb_column_inner type=&#8221;4_4&#8243; saved_specialty_column_type=&#8221;1_2&#8243; _builder_version=&#8221;3.0.47&#8243;][et_pb_blurb title=&#8221;Empresarials que formen part de FEFAC&#8221; image_max_width=&#8221;76%&#8221; _builder_version=&#8221;3.19.11&#8243; header_font=&#8221;|700|||||||&#8221; header_text_align=&#8221;center&#8221; border_width_all=&#8221;-1px&#8221; border_color_all=&#8221;rgba(0,0,0,0)&#8221; border_color_bottom=&#8221;#000000&#8243; box_shadow_style=&#8221;preset3&#8243; box_shadow_color=&#8221;rgba(0,0,0,0)&#8221; text_orientation=&#8221;center&#8221; custom_padding=&#8221;10px||&#8221;][\/et_pb_blurb][\/et_pb_column_inner][\/et_pb_row_inner][et_pb_row_inner custom_padding=&#8221;0|0px|0|0px|false|false&#8221; _builder_version=&#8221;3.19.13&#8243;][et_pb_column_inner type=&#8221;1_2&#8243; saved_specialty_column_type=&#8221;1_2&#8243; _builder_version=&#8221;3.0.47&#8243;][et_pb_blurb image=&#8221;https:\/\/fefac.cat\/empresarial\/wp-content\/uploads\/2019\/02\/afb.jpg&#8221; alt=&#8221;A.G.F.E Associaci\u00f3 Gironina Farmac\u00e8utica Empresarial&#8221; _builder_version=&#8221;3.19.11&#8243; text_orientation=&#8221;center&#8221;]<\/p>\n<p>AFB &#8211; Associaci\u00f3 de Farm\u00e0cies de Barcelona<\/p>\n<p>[\/et_pb_blurb][\/et_pb_column_inner][et_pb_column_inner type=&#8221;1_2&#8243; saved_specialty_column_type=&#8221;1_2&#8243; _builder_version=&#8221;3.0.47&#8243;][et_pb_blurb image=&#8221;https:\/\/fefac.cat\/empresarial\/wp-content\/uploads\/2019\/02\/afet.jpg&#8221; alt=&#8221;AFET &#8211; Associaci\u00f3 Gironina Farmac\u00e8utica Empresarial&#8221; _builder_version=&#8221;3.19.11&#8243; text_orientation=&#8221;center&#8221;]<\/p>\n<p>AFET &#8211; Associaci\u00f3 de Farmac\u00e8utics amb Oficina de Farm\u00e0cia a Tarragona<\/p>\n<p>[\/et_pb_blurb][\/et_pb_column_inner][\/et_pb_row_inner][et_pb_row_inner custom_padding=&#8221;5px|0px|0|0px|false|false&#8221; _builder_version=&#8221;3.19.13&#8243;][et_pb_column_inner type=&#8221;1_2&#8243; saved_specialty_column_type=&#8221;1_2&#8243; _builder_version=&#8221;3.0.47&#8243;][et_pb_blurb image=&#8221;https:\/\/fefac.cat\/empresarial\/wp-content\/uploads\/2019\/02\/agfe.jpg&#8221; alt=&#8221;A.G.F.E Associaci\u00f3 Gironina Farmac\u00e8utica Empresarial&#8221; _builder_version=&#8221;3.19.11&#8243; text_orientation=&#8221;center&#8221;]<\/p>\n<p>A.G.F.E &#8211; Associaci\u00f3 Gironina Farmac\u00e8utica Empresarial<\/p>\n<p>[\/et_pb_blurb][\/et_pb_column_inner][et_pb_column_inner type=&#8221;1_2&#8243; saved_specialty_column_type=&#8221;1_2&#8243; _builder_version=&#8221;3.0.47&#8243;][et_pb_blurb image=&#8221;https:\/\/fefac.cat\/empresarial\/wp-content\/uploads\/2019\/02\/afell.jpg&#8221; alt=&#8221;AFELL &#8211; Associaci\u00f3 de Farmac\u00e8utics Empresaris de Lleida&#8221; _builder_version=&#8221;3.19.13&#8243; text_orientation=&#8221;center&#8221;]<\/p>\n<p>AFELL &#8211; Associaci\u00f3 de Farmac\u00e8utics Empresaris de Lleida<\/p>\n<p>[\/et_pb_blurb][\/et_pb_column_inner][\/et_pb_row_inner][\/et_pb_column][et_pb_column type=&#8221;1_2&#8243; _builder_version=&#8221;3.0.47&#8243;][et_pb_blurb title=&#8221;Web patrocinada per&#8221; image_max_width=&#8221;76%&#8221; _builder_version=&#8221;3.19.13&#8243; header_level=&#8221;h5&#8243; header_font=&#8221;||||||||&#8221; header_text_align=&#8221;center&#8221; text_orientation=&#8221;center&#8221; custom_margin=&#8221;0px||&#8221;][\/et_pb_blurb][et_pb_blurb url=&#8221;https:\/\/www.frenaellupus.com\/&#8221; url_new_window=&#8221;on&#8221; image=&#8221;https:\/\/fefac.cat\/empresarial\/wp-content\/uploads\/2019\/02\/frena-el-lupus-logo.jpg&#8221; alt=&#8221;Frena el sol, frena el lupus&#8221; _builder_version=&#8221;3.19.13&#8243; text_orientation=&#8221;center&#8221;][\/et_pb_blurb][et_pb_blurb url=&#8221;http:\/\/lafarmaciaelcor.cat\/&#8221; url_new_window=&#8221;on&#8221; image=&#8221;https:\/\/fefac.cat\/empresarial\/wp-content\/uploads\/2019\/02\/logo-la-farmacia-del-cor1.jpg&#8221; alt=&#8221;La farm\u00e0cia, el cor del barri&#8221; _builder_version=&#8221;3.19.11&#8243; text_orientation=&#8221;center&#8221;][\/et_pb_blurb][\/et_pb_column][\/et_pb_section][et_pb_section fb_built=&#8221;1&#8243; _builder_version=&#8221;3.19.13&#8243; custom_padding=&#8221;0|0px|54px|0px|false|false&#8221; global_module=&#8221;876&#8243; saved_tabs=&#8221;all&#8221;][et_pb_row _builder_version=&#8221;3.19.11&#8243;][et_pb_column type=&#8221;4_4&#8243; _builder_version=&#8221;3.19.11&#8243;][et_pb_blurb title=&#8221;Col\u00b7laborem amb&#8221; image_max_width=&#8221;76%&#8221; _builder_version=&#8221;3.19.13&#8243; header_level=&#8221;h5&#8243; header_font=&#8221;||||||||&#8221; header_text_align=&#8221;center&#8221; text_orientation=&#8221;center&#8221;][\/et_pb_blurb][\/et_pb_column][\/et_pb_row][et_pb_row use_custom_width=&#8221;on&#8221; custom_width_px=&#8221;580px&#8221; custom_padding=&#8221;0px||0||false|false&#8221; custom_margin=&#8221;-31px||-61px&#8221; padding_top_1=&#8221;0px&#8221; _builder_version=&#8221;3.19.11&#8243;][et_pb_column type=&#8221;1_2&#8243; _builder_version=&#8221;3.19.11&#8243;][et_pb_blurb image=&#8221;https:\/\/fefac.cat\/empresarial\/wp-content\/uploads\/2019\/02\/logo_ccam_negre_150.png&#8221; _builder_version=&#8221;3.19.13&#8243; text_orientation=&#8221;center&#8221;][\/et_pb_blurb][\/et_pb_column][et_pb_column type=&#8221;1_2&#8243; _builder_version=&#8221;3.19.11&#8243;][et_pb_blurb url=&#8221;https:\/\/www.caixabank.es\/index_es.html&#8221; url_new_window=&#8221;on&#8221; image=&#8221;https:\/\/fefac.cat\/empresarial\/wp-content\/uploads\/2019\/02\/1280px-logo_caixabanksvg.jpg&#8221; alt=&#8221;CaixaBank&#8221; _builder_version=&#8221;3.19.13&#8243; text_orientation=&#8221;center&#8221;][\/et_pb_blurb][\/et_pb_column][\/et_pb_row][\/et_pb_section]<\/p>\n","protected":false},"excerpt":{"rendered":"<p>[et_pb_dcsbcm_divi_breadcrumbs_module hide_homebreadcrumb=&#8221;off&#8221; homebreadcrumbtext=&#8221;Inici&#8221; separator=&#8221;sep-pipe&#8221; _builder_version=&#8221;3.19.13&#8243; fontsbreadcrumbs_font=&#8221;||||||||&#8221; custom_margin=&#8221;0px||0px&#8221;][\/et_pb_dcsbcm_divi_breadcrumbs_module]Ignasi Marcet Fern\u00e1ndez |\u00a0imarcet@afb.catTresorer FEFAC | Tresorer AFB Titular d&#8217;oficina de farm\u00e0cia des de 1996 Experi\u00e8ncia professional Titular d&#8217;Oficina de Farm\u00e0cia.C\/ Casanova, 84-86 Entr. [&hellip;]<\/p>\n","protected":false},"author":1,"featured_media":0,"parent":597,"menu_order":0,"comment_status":"closed","ping_status":"closed","template":"","meta":{"_et_pb_use_builder":"on","_et_pb_old_content":"","_et_gb_content_width":"","footnotes":""},"class_list":["post-705","page","type-page","status-publish","hentry"],"yoast_head":"<!-- This site is optimized with the Yoast SEO plugin v27.4 - https:\/\/yoast.com\/product\/yoast-seo-wordpress\/ -->\n<title>Ignasi Marcet Fern\u00e1ndez - FEFAC<\/title>\n<meta name=\"robots\" content=\"index, follow, max-snippet:-1, max-image-preview:large, max-video-preview:-1\" \/>\n<link rel=\"canonical\" href=\"https:\/\/fefac.cat\/empresarial\/fefac\/ignasi-marcet-fernandez\/\" \/>\n<meta property=\"og:locale\" content=\"ca_ES\" \/>\n<meta property=\"og:type\" content=\"article\" \/>\n<meta property=\"og:title\" content=\"Ignasi Marcet Fern\u00e1ndez - FEFAC\" \/>\n<meta property=\"og:description\" content=\"[et_pb_dcsbcm_divi_breadcrumbs_module hide_homebreadcrumb=&quot;off&quot; homebreadcrumbtext=&quot;Inici&quot; separator=&quot;sep-pipe&quot; _builder_version=&quot;3.19.13&quot; fontsbreadcrumbs_font=&quot;||||||||&quot; custom_margin=&quot;0px||0px&quot;][\/et_pb_dcsbcm_divi_breadcrumbs_module]Ignasi Marcet Fern\u00e1ndez |\u00a0imarcet@afb.catTresorer FEFAC | Tresorer AFB Titular d&#039;oficina de farm\u00e0cia des de 1996 Experi\u00e8ncia professional Titular d&#039;Oficina de Farm\u00e0cia.C\/ Casanova, 84-86 Entr. [&hellip;]\" \/>\n<meta property=\"og:url\" content=\"https:\/\/fefac.cat\/empresarial\/fefac\/ignasi-marcet-fernandez\/\" \/>\n<meta property=\"og:site_name\" content=\"FEFAC\" \/>\n<meta property=\"article:modified_time\" content=\"2019-02-18T09:07:55+00:00\" \/>\n<meta name=\"twitter:card\" content=\"summary_large_image\" \/>\n<meta name=\"twitter:label1\" content=\"Temps estimat de lectura\" \/>\n\t<meta name=\"twitter:data1\" content=\"6 minuts\" \/>\n<script type=\"application\/ld+json\" class=\"yoast-schema-graph\">{\"@context\":\"https:\\\/\\\/schema.org\",\"@graph\":[{\"@type\":\"WebPage\",\"@id\":\"https:\\\/\\\/fefac.cat\\\/empresarial\\\/fefac\\\/ignasi-marcet-fernandez\\\/\",\"url\":\"https:\\\/\\\/fefac.cat\\\/empresarial\\\/fefac\\\/ignasi-marcet-fernandez\\\/\",\"name\":\"Ignasi Marcet Fern\u00e1ndez - FEFAC\",\"isPartOf\":{\"@id\":\"https:\\\/\\\/fefac.cat\\\/empresarial\\\/#website\"},\"datePublished\":\"2019-02-12T21:38:47+00:00\",\"dateModified\":\"2019-02-18T09:07:55+00:00\",\"breadcrumb\":{\"@id\":\"https:\\\/\\\/fefac.cat\\\/empresarial\\\/fefac\\\/ignasi-marcet-fernandez\\\/#breadcrumb\"},\"inLanguage\":\"ca\",\"potentialAction\":[{\"@type\":\"ReadAction\",\"target\":[\"https:\\\/\\\/fefac.cat\\\/empresarial\\\/fefac\\\/ignasi-marcet-fernandez\\\/\"]}]},{\"@type\":\"BreadcrumbList\",\"@id\":\"https:\\\/\\\/fefac.cat\\\/empresarial\\\/fefac\\\/ignasi-marcet-fernandez\\\/#breadcrumb\",\"itemListElement\":[{\"@type\":\"ListItem\",\"position\":1,\"name\":\"Home\",\"item\":\"https:\\\/\\\/fefac.cat\\\/empresarial\\\/\"},{\"@type\":\"ListItem\",\"position\":2,\"name\":\"Fefac\",\"item\":\"https:\\\/\\\/fefac.cat\\\/empresarial\\\/fefac\\\/\"},{\"@type\":\"ListItem\",\"position\":3,\"name\":\"Ignasi Marcet Fern\u00e1ndez\"}]},{\"@type\":\"WebSite\",\"@id\":\"https:\\\/\\\/fefac.cat\\\/empresarial\\\/#website\",\"url\":\"https:\\\/\\\/fefac.cat\\\/empresarial\\\/\",\"name\":\"FEFAC\",\"description\":\"Federaci\u00f3 d&#039;Associacions de Farm\u00e0cies de Catalunya\",\"potentialAction\":[{\"@type\":\"SearchAction\",\"target\":{\"@type\":\"EntryPoint\",\"urlTemplate\":\"https:\\\/\\\/fefac.cat\\\/empresarial\\\/?s={search_term_string}\"},\"query-input\":{\"@type\":\"PropertyValueSpecification\",\"valueRequired\":true,\"valueName\":\"search_term_string\"}}],\"inLanguage\":\"ca\"}]}<\/script>\n<!-- \/ Yoast SEO plugin. -->","yoast_head_json":{"title":"Ignasi Marcet Fern\u00e1ndez - FEFAC","robots":{"index":"index","follow":"follow","max-snippet":"max-snippet:-1","max-image-preview":"max-image-preview:large","max-video-preview":"max-video-preview:-1"},"canonical":"https:\/\/fefac.cat\/empresarial\/fefac\/ignasi-marcet-fernandez\/","og_locale":"ca_ES","og_type":"article","og_title":"Ignasi Marcet Fern\u00e1ndez - FEFAC","og_description":"[et_pb_dcsbcm_divi_breadcrumbs_module hide_homebreadcrumb=\"off\" homebreadcrumbtext=\"Inici\" separator=\"sep-pipe\" _builder_version=\"3.19.13\" fontsbreadcrumbs_font=\"||||||||\" custom_margin=\"0px||0px\"][\/et_pb_dcsbcm_divi_breadcrumbs_module]Ignasi Marcet Fern\u00e1ndez |\u00a0imarcet@afb.catTresorer FEFAC | Tresorer AFB Titular d'oficina de farm\u00e0cia des de 1996 Experi\u00e8ncia professional Titular d'Oficina de Farm\u00e0cia.C\/ Casanova, 84-86 Entr. [&hellip;]","og_url":"https:\/\/fefac.cat\/empresarial\/fefac\/ignasi-marcet-fernandez\/","og_site_name":"FEFAC","article_modified_time":"2019-02-18T09:07:55+00:00","twitter_card":"summary_large_image","twitter_misc":{"Temps estimat de lectura":"6 minuts"},"schema":{"@context":"https:\/\/schema.org","@graph":[{"@type":"WebPage","@id":"https:\/\/fefac.cat\/empresarial\/fefac\/ignasi-marcet-fernandez\/","url":"https:\/\/fefac.cat\/empresarial\/fefac\/ignasi-marcet-fernandez\/","name":"Ignasi Marcet Fern\u00e1ndez - FEFAC","isPartOf":{"@id":"https:\/\/fefac.cat\/empresarial\/#website"},"datePublished":"2019-02-12T21:38:47+00:00","dateModified":"2019-02-18T09:07:55+00:00","breadcrumb":{"@id":"https:\/\/fefac.cat\/empresarial\/fefac\/ignasi-marcet-fernandez\/#breadcrumb"},"inLanguage":"ca","potentialAction":[{"@type":"ReadAction","target":["https:\/\/fefac.cat\/empresarial\/fefac\/ignasi-marcet-fernandez\/"]}]},{"@type":"BreadcrumbList","@id":"https:\/\/fefac.cat\/empresarial\/fefac\/ignasi-marcet-fernandez\/#breadcrumb","itemListElement":[{"@type":"ListItem","position":1,"name":"Home","item":"https:\/\/fefac.cat\/empresarial\/"},{"@type":"ListItem","position":2,"name":"Fefac","item":"https:\/\/fefac.cat\/empresarial\/fefac\/"},{"@type":"ListItem","position":3,"name":"Ignasi Marcet Fern\u00e1ndez"}]},{"@type":"WebSite","@id":"https:\/\/fefac.cat\/empresarial\/#website","url":"https:\/\/fefac.cat\/empresarial\/","name":"FEFAC","description":"Federaci\u00f3 d&#039;Associacions de Farm\u00e0cies de Catalunya","potentialAction":[{"@type":"SearchAction","target":{"@type":"EntryPoint","urlTemplate":"https:\/\/fefac.cat\/empresarial\/?s={search_term_string}"},"query-input":{"@type":"PropertyValueSpecification","valueRequired":true,"valueName":"search_term_string"}}],"inLanguage":"ca"}]}},"_links":{"self":[{"href":"https:\/\/fefac.cat\/empresarial\/wp-json\/wp\/v2\/pages\/705","targetHints":{"allow":["GET"]}}],"collection":[{"href":"https:\/\/fefac.cat\/empresarial\/wp-json\/wp\/v2\/pages"}],"about":[{"href":"https:\/\/fefac.cat\/empresarial\/wp-json\/wp\/v2\/types\/page"}],"author":[{"embeddable":true,"href":"https:\/\/fefac.cat\/empresarial\/wp-json\/wp\/v2\/users\/1"}],"replies":[{"embeddable":true,"href":"https:\/\/fefac.cat\/empresarial\/wp-json\/wp\/v2\/comments?post=705"}],"version-history":[{"count":0,"href":"https:\/\/fefac.cat\/empresarial\/wp-json\/wp\/v2\/pages\/705\/revisions"}],"up":[{"embeddable":true,"href":"https:\/\/fefac.cat\/empresarial\/wp-json\/wp\/v2\/pages\/597"}],"wp:attachment":[{"href":"https:\/\/fefac.cat\/empresarial\/wp-json\/wp\/v2\/media?parent=705"}],"curies":[{"name":"wp","href":"https:\/\/api.w.org\/{rel}","templated":true}]}}